ve of -17 + 2*n + 1/2*n**w. Give u(-5).
-3
Let t(k) = -2*k + 5. Let q(a) = -a**3 - 3*a + 0 - 2*a - 7*a**2 + a**2 + 4. Let h be -10*(-6)/(-36)*3. Let z be q(h). Determine t(z).
-3
Let b(x) = x + 4. Let m(i) be the third derivative of i**6/120 - 7*i**5/10 + 11*i**4/6 - 131*i**3/6 - 34*i**2. Let c be m(41). Give b(c).
-4
Let t(g) be the second derivative of g**5/20 - 7*g**4/12 + 7*g**3/6 + 2*g**2 + g. Suppose 4*r = -r + 4*z - 3429, -3*z = 12. Let c = 695 + r. Calculate t(c).
10
Let h be (-25)/240*201 + (-1)/16. Let w(q) = q**3 + 23*q**2 + 42*q - 13. Determine w(h).
-13
Let d = -3199 + 3196. Let h(c) be the second derivative of -c**3 - c**2 + 2*c. Give h(d).
16
Let g be (-1)/2 + 1071/714. Let y(t) = -49*t + 49. What is y(g)?
0
Let s(i) = -i**3 + 6*i**2 - 4*i - 8. Let w be s(4). Let g(x) = -2 - 14*x - x**3 + 6*x - 7*x**2 + w + 3*x. Calculate g(-6).
0
Suppose q + 4*c = 6*q + 7, 0 = 5*q + 4*c - 17. Let j(i) = 55*i**3 + i**2 + 4. Let y(a) = -150*a**3 - 3*a**2 - 10. Let v(m) = 5*j(m) + 2*y(m). What is v(q)?
-26
Let a(z) = 2*z + 2. Let v(m) = 2*m + 2. Let b(d) = -5*a(d) + 4*v(d). Suppose -922*p + 5610 - 1000 = 0. What is b(p)?
-12
Let r(s) = -s**3 + 51*s**2 + 54*s - 78. Let y be r(52). Let w(a) = 2*a**2 - 53*a + 5. Calculate w(y).
-21
Let w be (-9 - 76) + (-3)/(-3). Let y = w + 78. Let x(m) = 2*m**2 + 6*m + 3. Determine x(y).
39
Suppose -3*b = -u + 38, 0*u + 5*u = 3*b + 166. Suppose u = 9*l - 49. Let k(y) = -l - 7*y**3 - 15*y**3 + 4 + 6 - 2*y + y**2. Calculate k(1).
-22
Let b(w) = 4*w**2 - 13*w - 1. Suppose 0 = -o - 5, -3*m = -10*o + 13*o + 6. What is b(m)?
-4
Suppose 2*t + 4 = -4*a, -2*t + 4 + 8 = -4*a. Let m(z) be the first derivative of -44 + 13/2*z**2 + 2*z. Determine m(a).
-24
Let c(s) = -7*s**3 + 9*s**2 - 22*s - 4. Let f(z) = -33*z**3 + 45*z**2 - 110*z - 21. Let k(a) = 19*c(a) - 4*f(a). Give k(-11).
8
Let h(s) = -8*s**2 - 106*s - 25. Let o be 8 + 17/(255/(-315)). Calculate h(o).
1
Let s(t) = t + 16 + 21 + 4 - 22. Suppose 72*q - 95*q = 0. What is s(q)?
19
Suppose -2*p - p = 3*y - 45, 0 = 2*p + 5*y - 30. Let g(a) = 4*a + 2 + 0 + 14*a**2 - p*a**2. Calculate g(5).
-3
Let q(b) = b + 3. Let n(w) = -w**2 - w + 1118. Let j be n(-34). What is q(j)?
-1
Suppose -140*t + 139*t + 2 = 0. Let v(b) = -b - 4*b - 16*b**2 + 15*b**2 + b - t*b + 3. Calculate v(-3).
12
Let k(c) = c**3 - 6*c**2 - 23*c - 19. Suppose -131*h - 81 = -271*h + 131*h. Give k(h).
17
Let f be 134/12 + 1325/1590. Let m(d) = 3*d**2 - 37*d + 12. Give m(f).
0
Let p(k) = 4*k. Let u = 180 - 230. Let h be (75/u)/(6/20). Determine p(h).
-20
Let h(x) = -7*x**2 - 9*x - 8. Suppose -193 = -28*v - 221. What is h(v)?
-6
Let v be (-7 + 15)/((-8)/16) + -1 + 3. Let b(w) = -22 - 5*w + 3*w + 3 + w. Determine b(v).
-5
Let k(y) = -114 + 114 + 10*y. Let u(b) = -b**3 + 28*b**2 - 32*b + 133. Let i be u(27). Calculate k(i).
-20
Let m(i) be the first derivative of 45*i**2/2 + i + 9583. Determine m(1).
46
Suppose -247 = -133*h + 19. Let f(t) be the first derivative of -32 + t + 1/3*t**3 + 2*t**h. Give f(-2).
-3
Let v(b) = b**3 + 6*b**2 - 2. Let t be (-2)/(-8) - 16401/84. Let n = -201 - t. What is v(n)?
-2
Suppose 0 = -13672*p + 13596*p - 152. Let b(d) = -10*d**3 + 5*d**2 + 8*d - 1. Calculate b(p).
83
Let o(t) = 3. Suppose -6*i = -3*i - 9. Let l(d) = d - 6. Let u(h) = i*l(h) + 5*o(h). Suppose 3*c = 1 + 5. Give u(c).
3
Let r be (464/20)/(-4) - (-7)/(385/(-11)). Let b(c) = 148*c + 888. What is b(r)?
0
Let z = -8 - -13. Suppose -z = -2*i + 7. Let w(d) be the second derivative of d**3/6 - 3*d**2/2 - 5359*d. Calculate w(i).
3
Let g(s) be the first derivative of 7*s**3/6 + s**2/2 + 147*s - 191. Let i(n) be the first derivative of g(n). Determine i(1).
8
Let v(z) = z - 11. Suppose 42*j + 35 = 43*j. Suppose 0 = 84*q - 91*q + j. Give v(q).
-6
Let s(v) = -v**2 + 4. Let t be s(-2). Let y(m) be the first derivative of 11*m + 1/2*m**2 + 3 - 1/3*m**3. Calculate y(t).
11
Let x(q) = 76*q**3 + 76*q**2 - 83*q + 129. Let i(a) = -34*a**3 - 38*a**2 + 41*a - 64. Let v(h) = 9*i(h) + 4*x(h). Calculate v(-20).
0
Let y(a) = 11*a - 793. Let i(h) = 3*h - 219. Let m(j) = 29*i(j) - 8*y(j). Suppose 4*u - 5 = 7. Let t be (1 - u) + (2 - 9). Give m(t).
2
Let u be (-3*16/36)/((-20)/45). Let f(r) = 3 + 13*r**3 - 2*r + 20*r**u - 2 - 34*r**3. Calculate f(2).
-11
Suppose -4*n + 782 + 246 = 0. Let s(d) = 0 + 2 + 256*d**2 - 7*d - n*d**2. Suppose -m - 1 = 4. Give s(m).
12
Let w = 419 + -340. Let s(m) = -153 + 4*m + 78 + w. Let z = -8 - -4. What is s(z)?
-12
Let v(o) = -o + 1. Let y(j) = j**2 + 10*j - 12. Let z(k) = -4*v(k) - y(k). Suppose -424*h + 261 = -453*h. Give z(h).
-19
Let s(r) = 63*r**3 - r**2 - r + 1. Let g = -2866 - -2867. Give s(g).
62
Let q(g) = 3*g**3 + 10*g**2 + 9*g + 21. Let z(n) = -n**3 - n**2 + n. Let a(i) = q(i) + 2*z(i). Calculate a(-7).
-7
Let h(g) = -g**3 - 11*g**2 + 12*g - 8. Suppose 701 - 83 = 6*z. Suppose 5*x = 43 - z. What is h(x)?
-8
Suppose 0 = -186*k + 880 - 2368. Let o(z) = -z - 19. Determine o(k).
-11
Let m(w) be the second derivative of -w**6/120 - w**5/30 + 5*w**4/24 + w**3/6 + 71*w**2 + 111*w + 2. Let q(b) be the first derivative of m(b). Calculate q(-4).
13
Let m be (-4)/6 + (-24)/(-9). Suppose 3*u - 4*g - m = -19, 4*g - 20 = 0. Let l(k) = u + 11*k - 22*k + 2*k**2 + 12*k. Give l(-3).
16
Let b(i) = 3*i**2 + 13*i - 20. Let v(u) = 14*u + 4*u**2 + 8 - 2 - 14 - 12. Let y(p) = 5*b(p) - 4*v(p). Let x be y(6). Let r(f) = -3*f - 3. Determine r(x).
3
Let d be (31 - 37) + (7 - (-2 - -4)). Let t(k) = 7*k - 1. Let g(x) = 15*x - 2. Let z be (-13)/5 - (-20)/(-50). Let y(b) = z*g(b) + 5*t(b). Determine y(d).
11
Let z(p) = p**2 + 7*p + 6. Let s be -78*2/(-6)*(-3 + 4). Suppose -s*l - 174 = 8. Give z(l).
6
Let c(j) be the second derivative of 11/2*j**2 + 23 + 1/6*j**3 - 2*j. Let o = 1 - 11. What is c(o)?
1
Let z(k) be the second derivative of 1/6*k**3 - 3*k**2 + 4*k + 6. Determine z(6).
0
Let b(f) be the first derivative of -7*f**2/2 - 300*f - 3784. What is b(-42)?
-6
Suppose -1828*a + 1819*a - 36 = 0. Let z(k) be the second derivative of -k**5/20 - k**4/4 + k**3/3 + k**2/2 - 17*k. Determine z(a).
9
Let y(z) = -z + 19. Let s = -34 - -33. Let r be 5 + s + -3 - -11. What is y(r)?
7
Let m(w) = w**2 + 5*w + 0 + 0*w - 8. Let h be (-17 - 476/(-42)) + 2/3. Calculate m(h).
-8
Suppose -20*a = -30*a. Let q(v) = 0 - v**2 + a*v**2 - 8*v + 11. Determine q(-8).
11
Let r(w) = w**3 + 12*w**2 + 25*w - 6. Let d = -15633 + 15624. Give r(d).
12
Let u(l) be the second derivative of -l**5/20 + l**4/4 + 2*l**3/3 + l**2 - 3*l. Let m(r) = 18*r + 19. Let o be m(-4). Let k = o - -57. What is u(k)?
2
Let x(r) = -2*r**2 - 372*r + 8. Let w(z) = 2*z**2 + 309*z - 9. Let y(h) = 6*w(h) + 5*x(h). Calculate y(-2).
6
Suppose 5*z = 5 + 15. Let y be ((-19)/((-342)/(-336)) - -2)*-3. Suppose 0 = 9*f - z - y. Let w(c) = c**3 - 5*c**2 - 7*c + 5. Determine w(f).
-1
Let n(v) = 62*v - 12. Let c(i) = 14*i. Let y(q) = -6*c(q) + n(q). Calculate y(-4).
76
Let p(w) be the first derivative of -w**3/3 - w**2 + 3*w + 1. Let t be (-18)/((-26)/26 + -5). Determine p(t).
-12
Let o(k) = -1 + 15*k**2 - 30*k**2 + 2*k**3 + 14*k**2 - 2*k. Suppose 1261*z + 9 = 1252*z. Give o(z).
-2
Suppose 5*s - 28 = 3*y + 36, 2*s = -3*y - 71. Let i(a) = 4*a + 86. What is i(y)?
-6
Let s(v) = -109*v - 1739 - 109*v - 34*v + 152*v - 34*v. Give s(-13).
3
Let y(s) = -7*s + 9. Let w = 118 - 113. Let n be -6 + (12 - w - -2). What is y(n)?
-12
Let t(i) be the third derivative of 0*i**4 + 2/3*i**3 - 5*i**2 + 15*i - 1/60*i**5 + 0. Give t(5).
-21
Let j(m) = 7*m**3 - 3*m**2 - 4*m - 1. Let w = 18322 - 18323. What is j(w)?
-7
Let f(r) = 34*r**3 + 10*r**2 + r + 1. Let y(c) = -62*c**3 - 18*c**2 - 3*c - 1. Let o(i) = 11*f(i) + 6*y(i). Determine o(2).
15
Let h(m) be the second derivative of 1/2*m**2 - 1/6*m**3 + m + 0 - 1/12*m**4. Let n be (-1)/(-4) + (-275)/396 + (-364)/(-252). Determine h(n).
-1
Let y(k) = -2*k + 10. Let f(z) = 2*z - 9. Let v(t) = -5*f(t) - 4*y(t). Suppose 24*j - 113 = 55. What is v(j)?
-9
Let q(v) = -v**2 + 3*v + 1. Let t(z) = -6 - 3*z**3 - 9*z - z**2 - 10*z**3 + 14*z**3. Let f be t(4). Let b be ((-12)/(-4))/(f/10). Determine q(b).
-9
Let g(p) be the second derivative of p**4/6 - 2*p**3 + 5*p**2/2 + 1132*p. Calculate g(3).
-13
Let f(m) = -16*m. Let r = -1070 - -1066. Determine f(r).
64
Suppose -4*h + 539 = -3*v, -3*h + 4*